remainder when 372787 is divided by 93089?
431
Calculate the remainder when 2019994 is divided by 673186.
436
Calculate the remainder when 3788169 is divided by 7779.
7575
What is the remainder when 570667 is divided by 71236?
779
What is the remainder when 108720 is divided by 11298?
7038
Calculate the remainder when 8639477 is divided by 422.
293
What is the remainder when 474838 is divided by 52758?
16
What is the remainder when 359819 is divided by 142?
133
What is the remainder when 1235218 is divided by 12604?
26
What is the remainder when 1825006 is divided by 29918?
8
What is the remainder when 203755 is divided by 25457?
99
Calculate the remainder when 9002626 is divided by 182.
178
Calculate the remainder when 2689806 is divided by 298867.
3
What is the remainder when 8990366 is divided by 21?
14
Calculate the remainder when 409923 is divided by 654.
519
What is the remainder when 82805 is divided by 2210?
1035
What is the remainder when 2141184 is divided by 2120?
2104
What is the remainder when 812420 is divided by 398?
102
What is the remainder when 548564 is divided by 3405?
359
What is the remainder when 93754 is divided by 368?
282
Calculate the remainder when 1763569 is divided by 2863.
2824
What is the remainder when 10581143 is divided by 3421?
3411
Calculate the remainder when 30309169 is divided by 8313.
8284
What is the remainder when 356997412 is divided by 41?
39
Calculate the remainder when 8812687 is divided by 460.
7
Calculate the remainder when 26313 is divided by 22307.
4006
What is the remainder when 235867076 is divided by 78622356?
8
What is the remainder when 2259731 is divided by 522?
515
What is the remainder when 56625 is divided by 446?
429
Calculate the remainder when 287051 is divided by 140.
51
Calculate the remainder when 17035612 is divided by 42.
34
What is the remainder when 967851 is divided by 127?
111
Calculate the remainder when 114518 is divided by 114508.
10
What is the remainder when 19004418 is divided by 6334776?
90
Calculate the remainder when 1190131 is divided by 91547.
20
Calculate the remainder when 49802 is divided by 24709.
384
What is the remainder when 9772752 is divided by 2368?
16
Calculate the remainder when 14665866 is divided by 2970.
6
Calculate the remainder when 3364025 is divided by 1283.
1282
Calculate the remainder when 4459038 is divided by 659.
244
Calculate the remainder when 32973185 is divided by 4093.
4070
Calculate the remainder when 21914228 is divided by 54.
2
What is the remainder when 92248 is divided by 2007?
1933
Calculate the remainder when 1200758 is divided by 2270.
2198
Calculate the remainder when 47572535 is divided by 237.
236
What is the remainder when 4015776 is divided by 1003940?
16
What is the remainder when 160831 is divided by 26673?
793
What is the remainder when 3110652 is divided by 91?
90
What is the remainder when 197107 is divided by 27?
7
Calculate the remainder when 243195 is divided by 120725.
1745
Calculate the remainder when 118284 is divided by 567.
348
What is the remainder when 3732739 is divided by 1225?
164
Calculate the remainder when 928000 is divided by 28998.
64
Calculate the remainder when 12686699 is divided by 4228896.
11
Calculate the remainder when 776745490 is divided by 10537.
10535
What is the remainder when 273788 is divided by 74?
62
Calculate the remainder when 545381 is divided by 199.
121
What is the remainder when 3625929 is divided by 1870?
1869
What is the remainder when 28537352 is divided by 24772?
8
What is the remainder when 68585600 is divided by 255?
35
What is the remainder when 8189541 is divided by 1562?
1537
Calculate the remainder when 131967 is divided by 14552.
999
What is the remainder when 654604 is divided by 327245?
114
Calculate the remainder when 131756 is divided by 2815.
2266
What is the remainder when 185042 is divided by 183534?
1508
Calculate the remainder when 9080 is divided by 2628.
1196
What is the remainder when 3652369 is divided by 28095?
19
What is the remainder when 668635 is divided by 480?
475
What is the remainder when 3432951 is divided by 3432893?
58
What is the remainder when 20041 is divided by 6464?
649
What is the remainder when 14390 is divided by 6996?
398
Calculate the remainder when 4526770 is divided by 32334.
10
What is the remainder when 48315982 is divided by 1237?
1236
Calculate the remainder when 13720088 is divided by 13720059.
29
Calculate the remainder when 67638821 is divided by 88.
85
What is the remainder when 82729 is divided by 13730?
349
What is the remainder when 33999199 is divided by 16999586?
27
What is the remainder when 58900979 is divided by 136979?
9
Calculate the remainder when 27900 is divided by 4971.
3045
Calculate the remainder when 269828 is divided by 851.
61
Calculate the remainder when 49045336 is divided by 8414.
130
What is the remainder when 188012 is divided by 61955?
2147
Calculate the remainder when 522701 is divided by 5681.
49
Calculate the remainder when 37599946 is divided by 104.
98
What is the remainder when 21400562 is divided by 47?
5
Calculate the remainder when 529388 is divided by 2926.
2708
What is the remainder when 170016 is divided by 5886?
5208
Calculate the remainder when 32644642 is divided by 6.
4
What is the remainder when 1117053 is divided by 372331?
60
What is the remainder when 7269826 is divided by 126?
4
Calculate the remainder when 11273585 is divided by 388744.
9
What is the remainder when 53182 is divided by 11051?
8978
What is the remainder when 1804002 is divided by 1035?
1032
What is the remainder when 3596138 is divided by 254?
6
What is the remainder when 727720 is divided by 8561?
35
Calculate the remainder when 178922194 is divided by 87.
82
Calculate the remainder when 461423 is divided by 76753.
905
Calculate the remainder when 385166 is divided by 42788.
74
What is the remainder when 348112 is divided by 491?
484
What is the remainder when 1136062 is divided by 73?
36
What is the remainder when 325592 is divided by 473?
168
What is the remainder when 982282 is divided by 1836?
22
Calculate the remainder when 2920 is divided by 2733.
187
Calculate the remainder when 22066 is divided by 381.
349
What is the remainder when 72990 is divided by 10062?
2556
Calculate the remainder when 53172 is divided by 3110.
302
Calculate the remainder when 66294 is divided by 66064.
230
Calculate the remainder when 118087 is divided by 365.
192
Calculate the remainder when 2591021 is divided by 9927.
74
What is the remainder when 175976 is divided by 995?
856
Calculate the remainder when 50418 is divided by 50339.
79
Calculate the remainder when 26173 is divided by 216.
37
Calculate the remainder when 204241 is divided by 1316.
261
Calculate the remainder when 65399040 is divided by 206.
14
Calculate the remainder when 9852401 is divided by 2463094.
25
What is the remainder when 301999325 is divided by 9?
5
What is the remainder when 3580510 is divided by 2416?
2414
What is the remainder when 82258 is divided by 81845?
413
What is the remainder when 440935 is divided by 109888?
1383
What is the remainder when 98063 is divided by 24463?
211
Calculate the remainder when 16826937 is divided by 14696.
17
What is the remainder when 147486318 is divided by 838?
832
Calculate the remainder when 13916 is divided by 897.
461
What is the remainder when 23335 is divided by 655?
410
What is the remainder when 45513071 is divided by 4551304?
31
Calculate the remainder when 478529 is divided by 2529.
548
What is the remainder when 130997 is divided by 1255?
477
What is the remainder when 11581701 is divided by 44?
21
What is the remainder when 1404076 is divided by 28?
16
Calculate the remainder when 39751172 is divided by 3901.
3883
Calculate the remainder when 5813700 is divided by 13.
9
What is the remainder when 6492225 is divided by 26?
25
Calculate the remainder when 122531892 is divided by 209.
208
Calculate the remainder when 415692 is divided by 140.
32
What is the remainder when 2951786 is divided by 2951775?
11
What is the remainder when 15416 is divided by 7460?
496
What is the remainder when 599754 is divided by 85625?
379
Calculate the remainder when 12638392 is divided by 17.
14
What is the remainder w